{"id":17769,"date":"2020-04-01T09:19:38","date_gmt":"2020-04-01T07:19:38","guid":{"rendered":"http:\/\/www.new.arkara.law\/?page_id=17769"},"modified":"2023-04-06T15:52:42","modified_gmt":"2023-04-06T13:52:42","slug":"arkara-le-cabinet","status":"publish","type":"page","link":"https:\/\/www.arkara.law\/index.php\/arkara-le-cabinet\/","title":{"rendered":"Le cabinet"},"content":{"rendered":"<p>[vc_row row_type=\u00a0\u00bbrow\u00a0\u00bb type=\u00a0\u00bbfull_width\u00a0\u00bb in_content_menu=\u00a0\u00bb\u00a0\u00bb text_align=\u00a0\u00bbleft\u00a0\u00bb background_color=\u00a0\u00bb#f8f8f8&Prime; css_animation=\u00a0\u00bb\u00a0\u00bb][vc_column][vc_single_image image=\u00a0\u00bb18444&Prime; img_size=\u00a0\u00bbfull\u00a0\u00bb alignment=\u00a0\u00bbcenter\u00a0\u00bb qode_css_animation=\u00a0\u00bb\u00a0\u00bb][\/vc_column][\/vc_row][vc_row row_type=\u00a0\u00bbrow\u00a0\u00bb type=\u00a0\u00bbgrid\u00a0\u00bb in_content_menu=\u00a0\u00bb\u00a0\u00bb text_align=\u00a0\u00bbleft\u00a0\u00bb background_color=\u00a0\u00bb#f8f8f8&Prime; padding_top=\u00a0\u00bb85&Prime; css_animation=\u00a0\u00bb\u00a0\u00bb][vc_column][vc_column_text]<\/p>\n<h2 style=\"text-align: center;\">L&rsquo;histoire du cabinet<\/h2>\n<p>[\/vc_column_text][\/vc_column][\/vc_row][vc_row row_type=\u00a0\u00bbrow\u00a0\u00bb type=\u00a0\u00bbgrid\u00a0\u00bb in_content_menu=\u00a0\u00bb\u00a0\u00bb text_align=\u00a0\u00bbleft\u00a0\u00bb background_color=\u00a0\u00bb#f8f8f8&Prime; padding_top=\u00a0\u00bb50px\u00a0\u00bb padding_bottom=\u00a0\u00bb100px\u00a0\u00bb css_animation=\u00a0\u00bb\u00a0\u00bb][vc_column][vc_raw_html css=\u00a0\u00bb.vc_custom_1587998963286{margin-bottom: 60px !important;}\u00a0\u00bb]JTVCUmljaF9XZWJfVGltZWxpbmUlMjBpZCUzRCUyMjIlMjIlNUQ=[\/vc_raw_html][\/vc_column][\/vc_row][vc_row row_type=\u00a0\u00bbrow\u00a0\u00bb type=\u00a0\u00bbgrid\u00a0\u00bb in_content_menu=\u00a0\u00bb\u00a0\u00bb text_align=\u00a0\u00bbleft\u00a0\u00bb padding_top=\u00a0\u00bb50&Prime; padding_bottom=\u00a0\u00bb60&Prime; css_animation=\u00a0\u00bb\u00a0\u00bb css=\u00a0\u00bb.vc_custom_1588072941150{margin-top: 40px !important;}\u00a0\u00bb][vc_column][vc_column_text]Forts d\u2019une expertise \u00e9tendue et d\u2019une exp\u00e9rience confirm\u00e9e, les avocats du cabinet ARKARA d\u00e9fendent une vision originale et performante de leur m\u00e9tier, autour de nouvelles approches et de nouvelles dynamiques.<\/p>\n<p><strong>\u00a0<\/strong><\/p>\n<p>Leur objectif premier\u00a0: apporter \u00e0 leurs clients une forte valeur ajout\u00e9e li\u00e9e au savoir-faire d\u00e9velopp\u00e9, gr\u00e2ce notamment \u00e0 leurs formations et \u00e0 leurs exp\u00e9riences professionnelles respectives.<\/p>\n<p>&nbsp;<\/p>\n<p>La connaissance approfondie des secteurs d\u2019activit\u00e9s de nos clients, associ\u00e9e \u00e0 une expertise technique des dossiers, contribue \u00e0 apporter des solutions aux probl\u00e9matiques qui leur \u00a0sont soumises.<\/p>\n<p><strong>\u00a0<\/strong><\/p>\n<p>Aujourd\u2019hui, <strong>les avocats du cabinet ARKARA<\/strong> interviennent aussi bien pour les entreprises (PME, ETI, soci\u00e9t\u00e9s cot\u00e9es et groupes internationaux), pour les cr\u00e9anciers ou candidats repreneurs (industriels, \u00ab family office \u00bb et fonds d\u2019investissement), pour les administrateurs judiciaires &amp; mandataires judiciaires et m\u00eame les particuliers.[\/vc_column_text][\/vc_column][\/vc_row][vc_row row_type=\u00a0\u00bbrow\u00a0\u00bb type=\u00a0\u00bbgrid\u00a0\u00bb in_content_menu=\u00a0\u00bb\u00a0\u00bb text_align=\u00a0\u00bbleft\u00a0\u00bb css_animation=\u00a0\u00bb\u00a0\u00bb][vc_column][vc_column_text]<\/p>\n<h2 style=\"text-align: center;\">Nos services<\/h2>\n<p>[\/vc_column_text][vc_separator type=\u00a0\u00bbtransparent\u00a0\u00bb up=\u00a0\u00bb55&Prime; down=\u00a0\u00bb0&Prime;][\/vc_column][\/vc_row][vc_row row_type=\u00a0\u00bbrow\u00a0\u00bb type=\u00a0\u00bbgrid\u00a0\u00bb in_content_menu=\u00a0\u00bb\u00a0\u00bb text_align=\u00a0\u00bbleft\u00a0\u00bb padding_top=\u00a0\u00bb20&Prime; padding_bottom=\u00a0\u00bb10&Prime; css_animation=\u00a0\u00bb\u00a0\u00bb][vc_column width=\u00a0\u00bb1\/2&Prime;][vc_column_text]<\/p>\n<h4 style=\"color: #e8560d;\">Grands groupes industriels, services, immobilier et PME<\/h4>\n<p>[\/vc_column_text][vc_empty_space][vc_column_text]Le cabinet ARKARA conseille et accompagne de grands groupes nationaux, industriels ou de services, des acteurs majeurs du secteur de l\u2019immobilier d\u2019entreprise, mais aussi des PME et des commer\u00e7ants individuels dans toutes leurs probl\u00e9matiques (restructuring, droit des soci\u00e9t\u00e9s, conflit entre actionnaires, droit du travail, baux commerciaux, concurrence d\u00e9loyale, fusions et acquisitions\u2026..).[\/vc_column_text][vc_empty_space height=\u00a0\u00bb52px\u00a0\u00bb][vc_column_text]<\/p>\n<h4 style=\"color: #e8560d;\">Conseil des particuliers<\/h4>\n<p>[\/vc_column_text][vc_empty_space][vc_column_text]Le Cabinet ARKARA intervient \u00e9galement dans le conseil des particuliers, en mati\u00e8re de droit du travail et en droit de la famille en apportant conseils et assistance pour l\u2019ensemble de leur contentieux.[\/vc_column_text][\/vc_column][vc_column width=\u00a0\u00bb1\/2&Prime;][vc_column_text]<\/p>\n<h4 style=\"color: #e8560d;\">Pr\u00e9vention des difficult\u00e9s \u00e9conomiques &amp; traitement judiciaire<\/h4>\n<p>[\/vc_column_text][vc_empty_space][vc_column_text]Le Cabinet ARKARA intervient \u00e9galement de fa\u00e7on constante dans la pr\u00e9vention des difficult\u00e9s \u00e9conomiques de la soci\u00e9t\u00e9 ou lors de leur traitement judiciaire (proc\u00e9dure de conciliation, mandat ad hoc, sauvegarde, redressement judiciaire, liquidation judiciaire), tant aux c\u00f4t\u00e9s de l\u2019entreprise et de ses dirigeants confront\u00e9s \u00e0 des difficult\u00e9s d\u2019ordres \u00e9conomique, juridique ou financier, qu\u2019aux c\u00f4t\u00e9s de ses cr\u00e9anciers ou de ses repreneurs.[\/vc_column_text][vc_empty_space height=\u00a0\u00bb52px\u00a0\u00bb][vc_column_text]<\/p>\n<h4 style=\"color: #e8560d;\">Personnes physiques dans les proc\u00e9dures de divorce<\/h4>\n<p>[\/vc_column_text][vc_empty_space][vc_column_text]Le Cabinet ARKARA conseille et accompagne les personnes physiques dans toutes les proc\u00e9dures de divorce et apr\u00e8s divorce, que ce soit dans un cadre amiable ou dans le cadre d\u2019un contentieux (pour faute, pour alt\u00e9ration d\u00e9finitive du lien conjugal ou pour acceptation du principe de la rupture du mariage).[\/vc_column_text][\/vc_column][\/vc_row][vc_row row_type=\u00a0\u00bbrow\u00a0\u00bb type=\u00a0\u00bbfull_width\u00a0\u00bb in_content_menu=\u00a0\u00bb\u00a0\u00bb text_align=\u00a0\u00bbleft\u00a0\u00bb background_color=\u00a0\u00bb#f8f8f8&Prime; css_animation=\u00a0\u00bb\u00a0\u00bb][vc_column][vc_empty_space height=\u00a0\u00bb42px\u00a0\u00bb css=\u00a0\u00bb.vc_custom_1585657671700{background-color: #f8f8f8 !important;}\u00a0\u00bb][\/vc_column][\/vc_row]<\/p>\n","protected":false},"excerpt":{"rendered":"<p>[vc_row row_type=\u00a0\u00bbrow\u00a0\u00bb type=\u00a0\u00bbfull_width\u00a0\u00bb in_content_menu=\u00a0\u00bb\u00a0\u00bb text_align=\u00a0\u00bbleft\u00a0\u00bb background_color=\u00a0\u00bb#f8f8f8&Prime; css_animation=\u00a0\u00bb\u00a0\u00bb][vc_column][vc_single_image image=\u00a0\u00bb18444&Prime; img_size=\u00a0\u00bbfull\u00a0\u00bb alignment=\u00a0\u00bbcenter\u00a0\u00bb qode_css_animation=\u00a0\u00bb\u00a0\u00bb][\/vc_column][\/vc_row][vc_row row_type=\u00a0\u00bbrow\u00a0\u00bb type=\u00a0\u00bbgrid\u00a0\u00bb in_content_menu=\u00a0\u00bb\u00a0\u00bb text_align=\u00a0\u00bbleft\u00a0\u00bb background_color=\u00a0\u00bb#f8f8f8&Prime; padding_top=\u00a0\u00bb85&Prime; css_animation=\u00a0\u00bb\u00a0\u00bb][vc_column][vc_column_text] L&rsquo;histoire du cabinet [\/vc_column_text][\/vc_column][\/vc_row][vc_row row_type=\u00a0\u00bbrow\u00a0\u00bb type=\u00a0\u00bbgrid\u00a0\u00bb in_content_menu=\u00a0\u00bb\u00a0\u00bb text_align=\u00a0\u00bbleft\u00a0\u00bb background_color=\u00a0\u00bb#f8f8f8&Prime; padding_top=\u00a0\u00bb50px\u00a0\u00bb padding_bottom=\u00a0\u00bb100px\u00a0\u00bb css_animation=\u00a0\u00bb\u00a0\u00bb][vc_column][vc_raw_html css=\u00a0\u00bb.vc_custom_1587998963286{margin-bottom: 60px !important;}\u00a0\u00bb]JTVCUmljaF9XZWJfVGltZWxpbmUlMjBpZCUzRCUyMjIlMjIlNUQ=[\/vc_raw_html][\/vc_column][\/vc_row][vc_row row_type=\u00a0\u00bbrow\u00a0\u00bb type=\u00a0\u00bbgrid\u00a0\u00bb in_content_menu=\u00a0\u00bb\u00a0\u00bb text_align=\u00a0\u00bbleft\u00a0\u00bb padding_top=\u00a0\u00bb50&Prime; padding_bottom=\u00a0\u00bb60&Prime; css_animation=\u00a0\u00bb\u00a0\u00bb css=\u00a0\u00bb.vc_custom_1588072941150{margin-top: 40px !important;}\u00a0\u00bb][vc_column][vc_column_text]Forts d\u2019une expertise&#8230;<\/p>\n","protected":false},"author":1,"featured_media":0,"parent":0,"menu_order":0,"comment_status":"open","ping_status":"open","template":"full_width.php","meta":[],"yoast_head":"<!-- This site is optimized with the Yoast SEO plugin v15.9.1 - https:\/\/yoast.com\/wordpress\/plugins\/seo\/ -->\n<title>Cabinet en droit des affaires - ARKARA - Avocats Associ\u00e9s<\/title>\n<meta name=\"description\" content=\"ARKARA intervient aupr\u00e8s entreprises (PME, ETI, grands groupes), pour les industriels, \u00ab family office \u00bb fonds d\u2019investissement, administrateurs judiciaires\" \/>\n<link rel=\"canonical\" href=\"https:\/\/www.arkara.law\/index.php\/arkara-le-cabinet\/\" \/>\n<meta property=\"og:locale\" content=\"fr_FR\" \/>\n<meta property=\"og:type\" content=\"article\" \/>\n<meta property=\"og:title\" content=\"Cabinet en droit des affaires - ARKARA - Avocats Associ\u00e9s\" \/>\n<meta property=\"og:description\" content=\"ARKARA intervient aupr\u00e8s entreprises (PME, ETI, grands groupes), pour les industriels, \u00ab family office \u00bb fonds d\u2019investissement, administrateurs judiciaires\" \/>\n<meta property=\"og:url\" content=\"https:\/\/www.arkara.law\/index.php\/arkara-le-cabinet\/\" \/>\n<meta property=\"og:site_name\" content=\"ARKARA - Avocats Associ\u00e9s\" \/>\n<meta property=\"article:modified_time\" content=\"2023-04-06T13:52:42+00:00\" \/>\n<meta name=\"twitter:card\" content=\"summary_large_image\" \/>\n<meta name=\"twitter:label1\" content=\"Dur\u00e9e de lecture est.\">\n\t<meta name=\"twitter:data1\" content=\"2 minutes\">\n<script type=\"application\/ld+json\" class=\"yoast-schema-graph\">{\"@context\":\"https:\/\/schema.org\",\"@graph\":[{\"@type\":\"WebSite\",\"@id\":\"https:\/\/www.arkara.law\/#website\",\"url\":\"https:\/\/www.arkara.law\/\",\"name\":\"ARKARA - Avocats Associ\\u00e9s\",\"description\":\"Cabinet d&#039;avocats en droit des affaires\",\"potentialAction\":[{\"@type\":\"SearchAction\",\"target\":\"https:\/\/www.arkara.law\/?s={search_term_string}\",\"query-input\":\"required name=search_term_string\"}],\"inLanguage\":\"fr-FR\"},{\"@type\":\"WebPage\",\"@id\":\"https:\/\/www.arkara.law\/index.php\/arkara-le-cabinet\/#webpage\",\"url\":\"https:\/\/www.arkara.law\/index.php\/arkara-le-cabinet\/\",\"name\":\"Cabinet en droit des affaires - ARKARA - Avocats Associ\\u00e9s\",\"isPartOf\":{\"@id\":\"https:\/\/www.arkara.law\/#website\"},\"datePublished\":\"2020-04-01T07:19:38+00:00\",\"dateModified\":\"2023-04-06T13:52:42+00:00\",\"description\":\"ARKARA intervient aupr\\u00e8s entreprises (PME, ETI, grands groupes), pour les industriels, \\u00ab family office \\u00bb fonds d\\u2019investissement, administrateurs judiciaires\",\"breadcrumb\":{\"@id\":\"https:\/\/www.arkara.law\/index.php\/arkara-le-cabinet\/#breadcrumb\"},\"inLanguage\":\"fr-FR\",\"potentialAction\":[{\"@type\":\"ReadAction\",\"target\":[\"https:\/\/www.arkara.law\/index.php\/arkara-le-cabinet\/\"]}]},{\"@type\":\"BreadcrumbList\",\"@id\":\"https:\/\/www.arkara.law\/index.php\/arkara-le-cabinet\/#breadcrumb\",\"itemListElement\":[{\"@type\":\"ListItem\",\"position\":1,\"item\":{\"@type\":\"WebPage\",\"@id\":\"https:\/\/www.arkara.law\/\",\"url\":\"https:\/\/www.arkara.law\/\",\"name\":\"Accueil\"}},{\"@type\":\"ListItem\",\"position\":2,\"item\":{\"@type\":\"WebPage\",\"@id\":\"https:\/\/www.arkara.law\/index.php\/arkara-le-cabinet\/\",\"url\":\"https:\/\/www.arkara.law\/index.php\/arkara-le-cabinet\/\",\"name\":\"Le cabinet\"}}]}]}<\/script>\n<!-- \/ Yoast SEO plugin. -->","_links":{"self":[{"href":"https:\/\/www.arkara.law\/index.php\/wp-json\/wp\/v2\/pages\/17769"}],"collection":[{"href":"https:\/\/www.arkara.law\/index.php\/wp-json\/wp\/v2\/pages"}],"about":[{"href":"https:\/\/www.arkara.law\/index.php\/wp-json\/wp\/v2\/types\/page"}],"author":[{"embeddable":true,"href":"https:\/\/www.arkara.law\/index.php\/wp-json\/wp\/v2\/users\/1"}],"replies":[{"embeddable":true,"href":"https:\/\/www.arkara.law\/index.php\/wp-json\/wp\/v2\/comments?post=17769"}],"version-history":[{"count":68,"href":"https:\/\/www.arkara.law\/index.php\/wp-json\/wp\/v2\/pages\/17769\/revisions"}],"predecessor-version":[{"id":18449,"href":"https:\/\/www.arkara.law\/index.php\/wp-json\/wp\/v2\/pages\/17769\/revisions\/18449"}],"wp:attachment":[{"href":"https:\/\/www.arkara.law\/index.php\/wp-json\/wp\/v2\/media?parent=17769"}],"curies":[{"name":"wp","href":"https:\/\/api.w.org\/{rel}","templated":true}]}}