{"id":18114,"date":"2020-04-14T13:29:09","date_gmt":"2020-04-14T11:29:09","guid":{"rendered":"https:\/\/www.arkara.law\/?page_id=18114"},"modified":"2023-04-06T15:49:47","modified_gmt":"2023-04-06T13:49:47","slug":"stephane-dayan","status":"publish","type":"page","link":"https:\/\/www.arkara.law\/index.php\/stephane-dayan\/","title":{"rendered":"St\u00e9phane Dayan<br>Associ\u00e9"},"content":{"rendered":"<p>[vc_row row_type=\u00a0\u00bbrow\u00a0\u00bb type=\u00a0\u00bbgrid\u00a0\u00bb in_content_menu=\u00a0\u00bb\u00a0\u00bb text_align=\u00a0\u00bbleft\u00a0\u00bb background_color=\u00a0\u00bb#f8f8f8&Prime; padding_top=\u00a0\u00bb58&Prime; css_animation=\u00a0\u00bb\u00a0\u00bb][vc_column width=\u00a0\u00bb1\/3&Prime;][vc_single_image image=\u00a0\u00bb18408&Prime; img_size=\u00a0\u00bbfull\u00a0\u00bb qode_css_animation=\u00a0\u00bbelement_from_fade\u00a0\u00bb transition_delay=\u00a0\u00bb500&Prime;][\/vc_column][vc_column width=\u00a0\u00bb2\/3&Prime;][vc_column_text]<\/p>\n<h4><span class=\"toolbar_color_class\" style=\"color: #e8560d;\">A propos de St\u00e9phane<\/span><\/h4>\n<p>[\/vc_column_text][vc_separator type=\u00a0\u00bbtransparent\u00a0\u00bb up=\u00a0\u00bb12&Prime; down=\u00a0\u00bb0&Prime;][vc_column_text]St\u00e9phane est sp\u00e9cialis\u00e9 en traitement des difficult\u00e9s des entreprises, restructuring et contentieux complexes. Il accompagne dans ce cadre ses clients, tant en conseil qu\u2019en contentieux. Il intervient en\u00a0pr\u00e9vention\u00a0comme en\u00a0proc\u00e9dures collectives, aux c\u00f4t\u00e9s de d\u00e9biteurs, d\u2019actionnaires, de cr\u00e9anciers, de repreneurs ou de dirigeants.<\/p>\n<p>&nbsp;<\/p>\n<p>St\u00e9phane a su, en pr\u00e8s de 15 ans de pratique, d\u00e9velopper une expertise reconnue en intervenant sur des dossiers complexes de tout premier plan.<\/p>\n<p>&nbsp;<\/p>\n<p>St\u00e9phane a \u00e9galement d\u00e9velopp\u00e9 depuis plus de 6 ans maintenant une expertise en droit de la franchise. Il accompagne \u00e0 ce titre le second r\u00e9seau fran\u00e7ais d\u2019optique-lunetterie.[\/vc_column_text][vc_separator type=\u00a0\u00bbtransparent\u00a0\u00bb up=\u00a0\u00bb40&Prime; down=\u00a0\u00bb0&Prime;]<span class='q_social_icon_holder'><a href='https:\/\/www.linkedin.com\/in\/st%C3%A9phane-dayan-19132070\/' target='_blank'><i class='fa fa-linkedin fa-lg simple_social' style=''><\/i><i class='fa fa-linkedin fa-lg simple_social social_share_hover linkedin' style=''><\/i><\/a><\/span>[\/vc_column][\/vc_row][vc_row row_type=\u00a0\u00bbrow\u00a0\u00bb type=\u00a0\u00bbgrid\u00a0\u00bb in_content_menu=\u00a0\u00bb\u00a0\u00bb text_align=\u00a0\u00bbleft\u00a0\u00bb padding_top=\u00a0\u00bb58&Prime; css_animation=\u00a0\u00bb\u00a0\u00bb][vc_column][vc_column_text]<\/p>\n<h4><span class=\"toolbar_color_class\" style=\"color: #e8560d;\">Formations<\/span><\/h4>\n<p>[\/vc_column_text][vc_separator type=\u00a0\u00bbtransparent\u00a0\u00bb up=\u00a0\u00bb12&Prime; down=\u00a0\u00bb0&Prime;][vc_column_text]<\/p>\n<ul>\n<li><strong>Master of Business Administration (MBA) Business &amp; Law <\/strong>\u2013 Victoria University of Technology Melbourne (Australie)<\/li>\n<li><strong>Master of Science in Management majeure Finance &#8211; <\/strong>NEOMA BUSINESS SCHOOL (anciennement d\u00e9nomm\u00e9e Ecole Sup\u00e9rieure de Commerce de REIMS).<\/li>\n<li><strong>Ma\u00eetrise de droit des affaires internationales<\/strong> \u2013 Paris I Panth\u00e9on-Sorbonne.<\/li>\n<\/ul>\n<p>[\/vc_column_text][vc_separator type=\u00a0\u00bbtransparent\u00a0\u00bb up=\u00a0\u00bb12&Prime; down=\u00a0\u00bb50&Prime;][\/vc_column][\/vc_row][vc_row row_type=\u00a0\u00bbrow\u00a0\u00bb type=\u00a0\u00bbgrid\u00a0\u00bb in_content_menu=\u00a0\u00bb\u00a0\u00bb text_align=\u00a0\u00bbleft\u00a0\u00bb background_color=\u00a0\u00bb#f8f8f8&Prime; padding_top=\u00a0\u00bb19&Prime; padding_bottom=\u00a0\u00bb19&Prime; css_animation=\u00a0\u00bb\u00a0\u00bb][vc_column][vc_column_text css=\u00a0\u00bb.vc_custom_1588001147048{margin-top: 30px !important;}\u00a0\u00bb]<\/p>\n<h4><span class=\"toolbar_color_class\" style=\"color: #e8560d;\">Domaines d&rsquo;interventions<\/span><\/h4>\n<p>[\/vc_column_text][vc_separator type=\u00a0\u00bbtransparent\u00a0\u00bb up=\u00a0\u00bb12&Prime; down=\u00a0\u00bb0&Prime;][vc_column_text css=\u00a0\u00bb.vc_custom_1588001176590{margin-bottom: 50px !important;}\u00a0\u00bb]<\/p>\n<ul>\n<li><a href=\"https:\/\/www.arkara.law\/index.php\/portfolio_page\/entreprises-en-difficulte-restructurin\/\">Entreprises en difficult\u00e9 \/ Restructuring \/ Responsabilit\u00e9 civile et p\u00e9nale du dirigeant<\/a><\/li>\n<li><a href=\"https:\/\/www.arkara.law\/index.php\/portfolio_page\/contentieux-complexes-et-strategiques-arbitrage\/\">Contentieux complexes et strat\u00e9giques \/ Arbitrage<\/a><\/li>\n<li><a href=\"https:\/\/www.arkara.law\/index.php\/portfolio_page\/le-contentieux-en-droit-des-societes\/\">Droit commercial<\/a><\/li>\n<li><a href=\"https:\/\/www.arkara.law\/index.php\/portfolio_page\/le-droit-et-contentieux-de-la-franchise\/\">Droit et contentieux de la franchise<\/a><\/li>\n<\/ul>\n<p>[\/vc_column_text][\/vc_column][\/vc_row][vc_row row_type=\u00a0\u00bbrow\u00a0\u00bb type=\u00a0\u00bbfull_width\u00a0\u00bb in_content_menu=\u00a0\u00bb\u00a0\u00bb text_align=\u00a0\u00bbleft\u00a0\u00bb css_animation=\u00a0\u00bb\u00a0\u00bb][vc_column][vc_empty_space height=\u00a0\u00bb42px\u00a0\u00bb][\/vc_column][\/vc_row][vc_row row_type=\u00a0\u00bbrow\u00a0\u00bb type=\u00a0\u00bbfull_width\u00a0\u00bb in_content_menu=\u00a0\u00bb\u00a0\u00bb text_align=\u00a0\u00bbleft\u00a0\u00bb css_animation=\u00a0\u00bb\u00a0\u00bb][vc_column][vc_column_text]<\/p>\n<h2 style=\"text-align: center; color: #e8560d;\">T\u00e9moignages<\/h2>\n<p>[\/vc_column_text][\/vc_column][\/vc_row][vc_row row_type=\u00a0\u00bbrow\u00a0\u00bb type=\u00a0\u00bbgrid\u00a0\u00bb in_content_menu=\u00a0\u00bb\u00a0\u00bb text_align=\u00a0\u00bbleft\u00a0\u00bb css_animation=\u00a0\u00bb\u00a0\u00bb][vc_column]<div class='testimonials_holder simple clearfix'><div class=\"testimonials with_control purple_control testimonials_carousel\" style=\"\"><ul class=\"slides\"><li id=\"testimonials18246\" class=\"testimonial_content\"><div class=\"testimonial_content_inner\"><div class=\"testimonial_text_holder\"><div class=\"testimonial_text_inner\"><h4 style=\"\">Nous avons eu l\u2019occasion de travailler \u00e0 plusieurs reprises avec St\u00e9phane Dayan pour la reprise d\u2019entreprises en difficult\u00e9s dans notre secteur d\u2019activit\u00e9 (organisation d\u2019 \u00e9v\u00e8nements \u00e0 destination de professionnels, exploitation de salles de spectacle et de clubs) et pour assurer la gestion de situations de crise.\r\nLa capacit\u00e9 \u00e0 g\u00e9rer les crises avec fermet\u00e9 mais sans vague est \u00e9galement important car nos adversaires sont souvent tr\u00e8s durs, mais notre client\u00e8le est \u00e9videmment sensible aux questions de r\u00e9putation. Sur tous ces aspects, St\u00e9phane nous a donn\u00e9 enti\u00e8rement satisfaction. Il est un n\u00e9gociateur hors pair qui ma\u00eetrise tous\r\nles \u00e9l\u00e9ments d\u2019un dossier, qui d\u00e9tient un sens aigu de l\u2019anticipation, ce qui nous permet souvent d\u2019avoir l\u2019avantage. Il est ferme sans jamais brusquer et sait s\u2019adapter \u00e0 nos contradicteurs ce qui permet de maintenir le dialogue et d\u2019\u00e9viter les vagues. Il est enfin d\u2019une confiance \u00e0 toute \u00e9preuve. Il est devenu le conseil habituel du groupe et le restera longtemps.<\/h4><h5 style=\"\">Gabriel BAILET, Pr\u00e9sident du GROUPE PEARL<\/h5><\/div><\/div><\/div><\/li><li id=\"testimonials18245\" class=\"testimonial_content\"><div class=\"testimonial_content_inner\"><div class=\"testimonial_text_holder\"><div class=\"testimonial_text_inner\"><h4 style=\"\">Ce cabinet est l\u2019exemple-m\u00eame de r\u00e9ussite de l\u2019approche \u00ab boutique \u00bb du cabinet d\u2019avocat, sachant combiner exp\u00e9rience et comp\u00e9tences avec proximit\u00e9 et connaissance intime des dossiers.\r\nDepuis 7 ans, j\u2019ai pu appr\u00e9cier la disponibilit\u00e9 exceptionnelle et la pertinence de St\u00e9phane Dayan, qui n\u2019a jamais h\u00e9sit\u00e9 \u00e0 me r\u00e9orienter vers un de ses associ\u00e9s sp\u00e9cialis\u00e9s pour les dossiers techniques qui sortaient de son cadre de comp\u00e9tence. Chaque dossier confi\u00e9 \u00e0 St\u00e9phane a \u00e9t\u00e9 l\u2019occasion de mesurer sa dext\u00e9rit\u00e9, son implication r\u00e9elle pour la d\u00e9fense de nos int\u00e9r\u00eats et son accompagnement strat\u00e9gique dans la posture \u00e0 adopter en n\u00e9gociation \u00e0 deux voix.\r\nJe suis convaincu que le cabinet ARKARA est taill\u00e9e pour r\u00e9pondre aux besoins d\u2019exigence des soci\u00e9t\u00e9s de taille interm\u00e9diaire et au del\u00e0 en recherche d\u2019excellence, de solution sur mesure, d\u2019une relation de confiance et d\u2019un budget juridique ma\u00eetris\u00e9.<\/h4><h5 style=\"\">David AMSELLEM, Pr\u00e9sident et fondateur de JOHN PAUL - N1\u00b0 mondial des services VIP de conciergerie<\/h5><\/div><\/div><\/div><\/li><\/ul><\/div><\/div>[\/vc_column][\/vc_row][vc_row row_type=\u00a0\u00bbrow\u00a0\u00bb type=\u00a0\u00bbfull_width\u00a0\u00bb in_content_menu=\u00a0\u00bb\u00a0\u00bb text_align=\u00a0\u00bbleft\u00a0\u00bb css_animation=\u00a0\u00bb\u00a0\u00bb][vc_column][vc_empty_space height=\u00a0\u00bb42px\u00a0\u00bb][\/vc_column][\/vc_row]<\/p>\n","protected":false},"excerpt":{"rendered":"<p>[vc_row row_type=\u00a0\u00bbrow\u00a0\u00bb type=\u00a0\u00bbgrid\u00a0\u00bb in_content_menu=\u00a0\u00bb\u00a0\u00bb text_align=\u00a0\u00bbleft\u00a0\u00bb background_color=\u00a0\u00bb#f8f8f8&Prime; padding_top=\u00a0\u00bb58&Prime; css_animation=\u00a0\u00bb\u00a0\u00bb][vc_column width=\u00a0\u00bb1\/3&Prime;][vc_single_image image=\u00a0\u00bb18408&Prime; img_size=\u00a0\u00bbfull\u00a0\u00bb qode_css_animation=\u00a0\u00bbelement_from_fade\u00a0\u00bb transition_delay=\u00a0\u00bb500&Prime;][\/vc_column][vc_column width=\u00a0\u00bb2\/3&Prime;][vc_column_text] A propos de St\u00e9phane [\/vc_column_text][vc_separator type=\u00a0\u00bbtransparent\u00a0\u00bb up=\u00a0\u00bb12&Prime; down=\u00a0\u00bb0&Prime;][vc_column_text]St\u00e9phane est sp\u00e9cialis\u00e9 en traitement des difficult\u00e9s des entreprises, restructuring et contentieux complexes. Il accompagne dans ce cadre ses clients, tant en conseil qu\u2019en&#8230;<\/p>\n","protected":false},"author":1,"featured_media":0,"parent":0,"menu_order":0,"comment_status":"open","ping_status":"closed","template":"full_width.php","meta":[],"yoast_head":"<!-- This site is optimized with the Yoast SEO plugin v15.9.1 - https:\/\/yoast.com\/wordpress\/plugins\/seo\/ -->\n<title>St\u00e9phane DayanAssoci\u00e9 - ARKARA - Avocats Associ\u00e9s<\/title>\n<meta name=\"description\" content=\"St\u00e9phane dayan est sp\u00e9cialis\u00e9 en traitement des difficult\u00e9s des entreprises, restructuring et contentieux.\" \/>\n<link rel=\"canonical\" href=\"https:\/\/www.arkara.law\/index.php\/stephane-dayan\/\" \/>\n<meta property=\"og:locale\" content=\"fr_FR\" \/>\n<meta property=\"og:type\" content=\"article\" \/>\n<meta property=\"og:title\" content=\"St\u00e9phane DayanAssoci\u00e9 - ARKARA - Avocats Associ\u00e9s\" \/>\n<meta property=\"og:description\" content=\"St\u00e9phane dayan est sp\u00e9cialis\u00e9 en traitement des difficult\u00e9s des entreprises, restructuring et contentieux.\" \/>\n<meta property=\"og:url\" content=\"https:\/\/www.arkara.law\/index.php\/stephane-dayan\/\" \/>\n<meta property=\"og:site_name\" content=\"ARKARA - Avocats Associ\u00e9s\" \/>\n<meta property=\"article:modified_time\" content=\"2023-04-06T13:49:47+00:00\" \/>\n<meta name=\"twitter:card\" content=\"summary_large_image\" \/>\n<meta name=\"twitter:label1\" content=\"Dur\u00e9e de lecture est.\">\n\t<meta name=\"twitter:data1\" content=\"2 minutes\">\n<script type=\"application\/ld+json\" class=\"yoast-schema-graph\">{\"@context\":\"https:\/\/schema.org\",\"@graph\":[{\"@type\":\"WebSite\",\"@id\":\"https:\/\/www.arkara.law\/#website\",\"url\":\"https:\/\/www.arkara.law\/\",\"name\":\"ARKARA - Avocats Associ\\u00e9s\",\"description\":\"Cabinet d&#039;avocats en droit des affaires\",\"potentialAction\":[{\"@type\":\"SearchAction\",\"target\":\"https:\/\/www.arkara.law\/?s={search_term_string}\",\"query-input\":\"required name=search_term_string\"}],\"inLanguage\":\"fr-FR\"},{\"@type\":\"WebPage\",\"@id\":\"https:\/\/www.arkara.law\/index.php\/stephane-dayan\/#webpage\",\"url\":\"https:\/\/www.arkara.law\/index.php\/stephane-dayan\/\",\"name\":\"St\\u00e9phane Dayan Associ\\u00e9 - ARKARA - Avocats Associ\\u00e9s\",\"isPartOf\":{\"@id\":\"https:\/\/www.arkara.law\/#website\"},\"datePublished\":\"2020-04-14T11:29:09+00:00\",\"dateModified\":\"2023-04-06T13:49:47+00:00\",\"description\":\"St\\u00e9phane dayan est sp\\u00e9cialis\\u00e9 en traitement des difficult\\u00e9s des entreprises, restructuring et contentieux.\",\"breadcrumb\":{\"@id\":\"https:\/\/www.arkara.law\/index.php\/stephane-dayan\/#breadcrumb\"},\"inLanguage\":\"fr-FR\",\"potentialAction\":[{\"@type\":\"ReadAction\",\"target\":[\"https:\/\/www.arkara.law\/index.php\/stephane-dayan\/\"]}]},{\"@type\":\"BreadcrumbList\",\"@id\":\"https:\/\/www.arkara.law\/index.php\/stephane-dayan\/#breadcrumb\",\"itemListElement\":[{\"@type\":\"ListItem\",\"position\":1,\"item\":{\"@type\":\"WebPage\",\"@id\":\"https:\/\/www.arkara.law\/\",\"url\":\"https:\/\/www.arkara.law\/\",\"name\":\"Accueil\"}},{\"@type\":\"ListItem\",\"position\":2,\"item\":{\"@type\":\"WebPage\",\"@id\":\"https:\/\/www.arkara.law\/index.php\/stephane-dayan\/\",\"url\":\"https:\/\/www.arkara.law\/index.php\/stephane-dayan\/\",\"name\":\"St\\u00e9phane DayanAssoci\\u00e9\"}}]}]}<\/script>\n<!-- \/ Yoast SEO plugin. -->","_links":{"self":[{"href":"https:\/\/www.arkara.law\/index.php\/wp-json\/wp\/v2\/pages\/18114"}],"collection":[{"href":"https:\/\/www.arkara.law\/index.php\/wp-json\/wp\/v2\/pages"}],"about":[{"href":"https:\/\/www.arkara.law\/index.php\/wp-json\/wp\/v2\/types\/page"}],"author":[{"embeddable":true,"href":"https:\/\/www.arkara.law\/index.php\/wp-json\/wp\/v2\/users\/1"}],"replies":[{"embeddable":true,"href":"https:\/\/www.arkara.law\/index.php\/wp-json\/wp\/v2\/comments?post=18114"}],"version-history":[{"count":21,"href":"https:\/\/www.arkara.law\/index.php\/wp-json\/wp\/v2\/pages\/18114\/revisions"}],"predecessor-version":[{"id":18448,"href":"https:\/\/www.arkara.law\/index.php\/wp-json\/wp\/v2\/pages\/18114\/revisions\/18448"}],"wp:attachment":[{"href":"https:\/\/www.arkara.law\/index.php\/wp-json\/wp\/v2\/media?parent=18114"}],"curies":[{"name":"wp","href":"https:\/\/api.w.org\/{rel}","templated":true}]}}